{"id":163,"date":"2014-05-08T10:10:36","date_gmt":"2014-05-08T10:10:36","guid":{"rendered":"http:\/\/www.siar.ch\/?page_id=163"},"modified":"2022-02-17T12:59:23","modified_gmt":"2022-02-17T11:59:23","slug":"locaux","status":"publish","type":"page","link":"https:\/\/www.siar.ch\/?page_id=163","title":{"rendered":"Locaux"},"content":{"rendered":"<p>La conservation et la <a href=\"https:\/\/www.siar.ch\/?page_id=439\">consultation<\/a> des archives se fait dans les locaux des communes membres de la <a href=\"https:\/\/www.siar.ch\/?page_id=8\" target=\"_blank\" rel=\"noopener noreferrer\">Convention<\/a>, selon les modalit\u00e9s propres \u00e0 chaque commune.<\/p>\n<p>docuteam, \u00ab <a href=\"https:\/\/www.docuteam.ch\/wp-content\/uploads\/2021\/08\/Guide-de-gestion-des-locaux-darchives_20210807_Ro.pdf\" target=\"_blank\" rel=\"noopener\">Petit guide de gestion des locaux d\u2019archives\u00a0: Conseils pratiques et recommandations<\/a> \u00bb, 2020.<\/p>\n<p>Le traitement proprement dit des archives physiques (tri, description, reconditionnement) se fait g\u00e9n\u00e9ralement dans les locaux de la soci\u00e9t\u00e9 <a href=\"http:\/\/www.docuteam.ch\/fr\" target=\"_blank\" rel=\"noopener\">docuteam<\/a>.<\/p>\n\n\n<div class=\"wp-block-image\"><figure class=\"aligncenter\"><a href=\"https:\/\/commons.wikimedia.org\/wiki\/File:Docuteam_BureauYverdon_2017_IMG1466.jpg\"><img decoding=\"async\" src=\"https:\/\/upload.wikimedia.org\/wikipedia\/commons\/thumb\/2\/26\/Docuteam_BureauYverdon_2017_IMG1466.jpg\/512px-Docuteam_BureauYverdon_2017_IMG1466.jpg\" alt=\"Docuteam BureauYverdon 2017 IMG1466\"\/><\/a><figcaption>Salle de traitement d&rsquo;archives de <a href=\"http:\/\/www.docuteam.ch\/fr\" target=\"_blank\" rel=\"noreferrer noopener\">docuteam<\/a> \u00e0 Yverdon-les-Bains.<\/figcaption><\/figure><\/div>\n","protected":false},"excerpt":{"rendered":"<p>La conservation et la consultation des archives se fait dans les locaux des communes membres de la Convention, selon les modalit\u00e9s propres \u00e0 chaque commune. docuteam, \u00ab Petit guide de gestion des locaux d\u2019archives\u00a0: Conseils pratiques et recommandations \u00bb, 2020. Le traitement proprement dit des archives physiques (tri, description, reconditionnement) se fait g\u00e9n\u00e9ralement dans les [&hellip;]<\/p>\n","protected":false},"author":2,"featured_media":0,"parent":5,"menu_order":0,"comment_status":"closed","ping_status":"closed","template":"","meta":{"footnotes":""},"class_list":["post-163","page","type-page","status-publish","hentry"],"jetpack_sharing_enabled":true,"jetpack_shortlink":"https:\/\/wp.me\/PfBqfE-2D","_links":{"self":[{"href":"https:\/\/www.siar.ch\/index.php?rest_route=\/wp\/v2\/pages\/163","targetHints":{"allow":["GET"]}}],"collection":[{"href":"https:\/\/www.siar.ch\/index.php?rest_route=\/wp\/v2\/pages"}],"about":[{"href":"https:\/\/www.siar.ch\/index.php?rest_route=\/wp\/v2\/types\/page"}],"author":[{"embeddable":true,"href":"https:\/\/www.siar.ch\/index.php?rest_route=\/wp\/v2\/users\/2"}],"replies":[{"embeddable":true,"href":"https:\/\/www.siar.ch\/index.php?rest_route=%2Fwp%2Fv2%2Fcomments&post=163"}],"version-history":[{"count":9,"href":"https:\/\/www.siar.ch\/index.php?rest_route=\/wp\/v2\/pages\/163\/revisions"}],"predecessor-version":[{"id":967,"href":"https:\/\/www.siar.ch\/index.php?rest_route=\/wp\/v2\/pages\/163\/revisions\/967"}],"up":[{"embeddable":true,"href":"https:\/\/www.siar.ch\/index.php?rest_route=\/wp\/v2\/pages\/5"}],"wp:attachment":[{"href":"https:\/\/www.siar.ch\/index.php?rest_route=%2Fwp%2Fv2%2Fmedia&parent=163"}],"curies":[{"name":"wp","href":"https:\/\/api.w.org\/{rel}","templated":true}]}}

<p>La conservation et la <a href="https://www.siar.ch/?page_id=439">consultation</a> des archives se fait dans les locaux des communes membres de la <a href="https://www.siar.ch/?page_id=8" target="_blank" rel="noopener noreferrer">Convention</a>, selon les modalités propres à chaque commune.</p>
<p>docuteam, « <a href="https://www.docuteam.ch/wp-content/uploads/2021/08/Guide-de-gestion-des-locaux-darchives_20210807_Ro.pdf" target="_blank" rel="noopener">Petit guide de gestion des locaux d’archives : Conseils pratiques et recommandations</a> », 2020.</p>
<p>Le traitement proprement dit des archives physiques (tri, description, reconditionnement) se fait généralement dans les locaux de la société <a href="http://www.docuteam.ch/fr" target="_blank" rel="noopener">docuteam</a>.</p>


<div class="wp-block-image"><figure class="aligncenter"><a href="https://commons.wikimedia.org/wiki/File:Docuteam_BureauYverdon_2017_IMG1466.jpg"><img decoding="async" src="https://upload.wikimedia.org/wikipedia/commons/thumb/2/26/Docuteam_BureauYverdon_2017_IMG1466.jpg/512px-Docuteam_BureauYverdon_2017_IMG1466.jpg" alt="Docuteam BureauYverdon 2017 IMG1466"/></a><figcaption>Salle de traitement d&rsquo;archives de <a href="http://www.docuteam.ch/fr" target="_blank" rel="noreferrer noopener">docuteam</a> à Yverdon-les-Bains.</figcaption></figure></div>

<p>La conservation et la consultation des archives se fait dans les locaux des communes membres de la Convention, selon les modalités propres à chaque commune. docuteam, « Petit guide de gestion des locaux d’archives : Conseils pratiques et recommandations », 2020. Le traitement proprement dit des archives physiques (tri, description, reconditionnement) se fait généralement dans les [&hellip;]</p>
