{"id":439,"date":"2017-02-15T13:45:16","date_gmt":"2017-02-15T13:45:16","guid":{"rendered":"http:\/\/www.siar.ch\/?page_id=439"},"modified":"2021-06-21T14:04:21","modified_gmt":"2021-06-21T13:04:21","slug":"consultation","status":"publish","type":"page","link":"https:\/\/www.siar.ch\/?page_id=439","title":{"rendered":"Modalit\u00e9s de consultation"},"content":{"rendered":"<h2>Conditions d\u2019acc\u00e8s aux documents<\/h2>\n<p>G\u00e9n\u00e9ralement, les archives sont librement communicables au terme de leur d\u00e9lai de protection. Les conditions d\u2019acc\u00e8s aux documents sont fix\u00e9es par les <a href=\"https:\/\/www.siar.ch\/?page_id=40\">lois neuch\u00e2teloises<\/a> et par les r\u00e8glements communaux d&rsquo;utilisation des archives (l&rsquo;existence d&rsquo;un tel r\u00e8glement est g\u00e9n\u00e9ralement indiqu\u00e9 dans l&rsquo;inventaire de chaque commune).<\/p>\n<h2>Proc\u00e9dure de consultation<\/h2>\n<p>En r\u00e8gle g\u00e9n\u00e9rale, la proc\u00e9dure de consultation se d\u00e9roule comme suit :<\/p>\n<h3>1. Demande de la personne requ\u00e9rante<\/h3>\n<p>La personne qui souhaite avoir acc\u00e8s \u00e0 un dossier doit en transmettre la demande soit directement \u00e0 la commune soit \u00e0 l&rsquo;adresse <a href=\"mailto:siar@docuteam.ch?subject=SIAr \/ Archives de la Commune de [nom de la Commune]: Recherche [sujet] &amp;body=Madame, Monsieur,&amp;body=&amp;body=Apr\u00e8s une recherche dans vos inventaires en ligne, je souhaiterais consulter les dossiers suivants:&amp;body=&amp;body=[Cote du dossier*] | [intitul\u00e9 du dossier] | [niveau] &amp;body=[Cote du dossier] | [intitul\u00e9 du dossier] | [niveau] &amp;body=[Etc.]&amp;body=&amp;body= *=voir champs &quot;1.1. R\u00e9f\u00e9rences&quot; dans les inventaires en ligne. &amp;body=&amp;body= Mes coordonn\u00e9es sont les suivantes: &amp;body=&amp;body=Pr\u00e9nom: &amp;body=Nom:&amp;body= Courriel: &amp;body=T\u00e9l.: &amp;body=&amp;body=En vous remerciant d'avance\">siar@docuteam.ch<\/a> en indiquant le plus pr\u00e9cis\u00e9ment possible les r\u00e9f\u00e9rences du ou des dossiers auxquels elle souhaite avoir acc\u00e8s. Elle consulte pour cela <a href=\"https:\/\/www.siar.ch\/?page_id=429\">les instruments de recherche<\/a> mis \u00e0 sa disposition et transmet \u00e0 la commune les indications de r\u00e9f\u00e9rence exactes (champs \u00ab1.1 R\u00e9f\u00e9rence\u00bb des notices de description).<br \/>\nSelon la loi, les demandes de consultation n\u2019ont pas besoin d\u2019\u00eatre motiv\u00e9es.<\/p>\n<h3>2. R\u00e9ponse de la commune<\/h3>\n<p>Sur la base de la demande re\u00e7ue, la commune v\u00e9rifie que\u00a0le ou les dossiers sont librement communicables selon les conditions l\u00e9gales d\u2019acc\u00e8s au documents et que l\u2019effort pour fournir le ou les dossiers n\u2019est pas disproportionn\u00e9. La d\u00e9cision est transmise \u00e0 la personne requ\u00e9rante.<br \/>\nLes d\u00e9cisions n\u00e9gatives peuvent \u00eatre contest\u00e9es devant le Pr\u00e9pos\u00e9 \u00e0 la protection des donn\u00e9es et \u00e0 la transparence (<a href=\"https:\/\/www.ppdt-june.ch\/\">www.ppdt-june.ch<\/a>).<\/p>\n<h3>3. Consultation des dossiers<\/h3>\n<p>Si la r\u00e9ponse est positive, une date sera transmise \u00e0 la personne requ\u00e9rante pour consulter les dossiers demand\u00e9s.<br \/>\nLa consultation des dossiers originaux se r\u00e9alise dans les locaux de la commune, dans une salle sous surveillance du personnel administratif ou, sur demande, par la transmission de copies (<a href=\"https:\/\/www.siar.ch\/?page_id=448\">soumises \u00e0 conditions<\/a>).<br \/>\nLes sacs et les vestes doivent \u00eatre d\u00e9pos\u00e9s hors de la salle de consultation.<\/p>\n<h2>Pr\u00eat d\u2019archives<\/h2>\n<p>De mani\u00e8re g\u00e9n\u00e9rale, les archives ne peuvent pas sortir des locaux de l\u2019administration communale. Pour des expositions par exemple, certaines exceptions peuvent \u00eatre valid\u00e9es par \u00e9crit par le Conseil communal.<\/p>\n<p>Pour les <strong>questions de reproduction<\/strong> de documents, voir la <a href=\"https:\/\/www.siar.ch\/?page_id=448\">page d\u00e9di\u00e9e<\/a>.<\/p>\n<h2>Personnaliser ses r\u00e8gles communales<\/h2>\n<p>Les communes ont la possibilit\u00e9 d&rsquo;adopter leurs propres r\u00e8gles en adaptant le <a href=\"https:\/\/www.siar.ch\/wp-content\/uploads\/2020\/04\/ReglementType_UtilisationArchivesCommunales_SIAr.docx\" target=\"_blank\" rel=\"noopener noreferrer\">r\u00e8glement type d&rsquo;utilisation des archives communales<\/a>.<\/p>\n<p>L&rsquo;existence d&rsquo;un r\u00e8glement valid\u00e9 par la commune est g\u00e9n\u00e9ralement pr\u00e9cis\u00e9 dans les conditions d&rsquo;acc\u00e8s (champs 4.1) des <a href=\"https:\/\/www.siar.ch\/?page_id=429\" rel=\"noopener noreferrer\">inventaires d&rsquo;archives<\/a> et dans les sites web des communes.<\/p>\n","protected":false},"excerpt":{"rendered":"<p>Conditions d\u2019acc\u00e8s aux documents G\u00e9n\u00e9ralement, les archives sont librement communicables au terme de leur d\u00e9lai de protection. Les conditions d\u2019acc\u00e8s aux documents sont fix\u00e9es par les lois neuch\u00e2teloises et par les r\u00e8glements communaux d&rsquo;utilisation des archives (l&rsquo;existence d&rsquo;un tel r\u00e8glement est g\u00e9n\u00e9ralement indiqu\u00e9 dans l&rsquo;inventaire de chaque commune). Proc\u00e9dure de consultation En r\u00e8gle g\u00e9n\u00e9rale, la [&hellip;]<\/p>\n","protected":false},"author":2,"featured_media":0,"parent":78,"menu_order":3,"comment_status":"closed","ping_status":"closed","template":"","meta":{"footnotes":""},"class_list":["post-439","page","type-page","status-publish","hentry"],"jetpack_sharing_enabled":true,"jetpack_shortlink":"https:\/\/wp.me\/PfBqfE-75","_links":{"self":[{"href":"https:\/\/www.siar.ch\/index.php?rest_route=\/wp\/v2\/pages\/439","targetHints":{"allow":["GET"]}}],"collection":[{"href":"https:\/\/www.siar.ch\/index.php?rest_route=\/wp\/v2\/pages"}],"about":[{"href":"https:\/\/www.siar.ch\/index.php?rest_route=\/wp\/v2\/types\/page"}],"author":[{"embeddable":true,"href":"https:\/\/www.siar.ch\/index.php?rest_route=\/wp\/v2\/users\/2"}],"replies":[{"embeddable":true,"href":"https:\/\/www.siar.ch\/index.php?rest_route=%2Fwp%2Fv2%2Fcomments&post=439"}],"version-history":[{"count":17,"href":"https:\/\/www.siar.ch\/index.php?rest_route=\/wp\/v2\/pages\/439\/revisions"}],"predecessor-version":[{"id":938,"href":"https:\/\/www.siar.ch\/index.php?rest_route=\/wp\/v2\/pages\/439\/revisions\/938"}],"up":[{"embeddable":true,"href":"https:\/\/www.siar.ch\/index.php?rest_route=\/wp\/v2\/pages\/78"}],"wp:attachment":[{"href":"https:\/\/www.siar.ch\/index.php?rest_route=%2Fwp%2Fv2%2Fmedia&parent=439"}],"curies":[{"name":"wp","href":"https:\/\/api.w.org\/{rel}","templated":true}]}}