{"id":5,"date":"2014-03-24T13:24:25","date_gmt":"2014-03-24T13:24:25","guid":{"rendered":"http:\/\/web415.120.hosttech.eu\/?page_id=5"},"modified":"2025-08-05T19:49:31","modified_gmt":"2025-08-05T18:49:31","slug":"qui-sommes-nous","status":"publish","type":"page","link":"https:\/\/www.siar.ch\/?page_id=5","title":{"rendered":"Qui sommes-nous ?"},"content":{"rendered":"<p>Le Service intercommunal d\u2019archivage (SIAr) a \u00e9t\u00e9 cr\u00e9\u00e9 le 1er janvier 2012 dans le Canton de Neuch\u00e2tel et fait suite au poste d&rsquo;archiviste intercommunal ouvert le 1er janvier 2009 (voir <a href=\"?cat=22\">revue de presse<\/a>).<\/p>\n<p>Il a pour but de professionnaliser la gestion de l&rsquo;information et des archives dans les communes, de mutualiser les ressources et de r\u00e9pondre \u00e0 la <a title=\"L\u00e9gislations\" href=\"https:\/\/www.siar.ch\/?page_id=40\">l\u00e9gislation<\/a> et aux <a href=\"https:\/\/www.siar.ch\/?page_id=171\">normes archivistiques<\/a> en vigueur. Pour ce faire, il r\u00e9unit, dans le Canton de Neuch\u00e2tel, une <a title=\"Equipe\" href=\"https:\/\/www.siar.ch\/?page_id=160\">\u00e9quipe d\u2019archivistes professionnel\u00b7le\u00b7s<\/a> qui prend en charge les activit\u00e9s d&rsquo;archivage des communes <a title=\"Membres\" href=\"https:\/\/www.siar.ch\/?page_id=20\">membres<\/a> de la <a title=\"Convention\" href=\"https:\/\/www.siar.ch\/?page_id=8\">Convention<\/a>.<\/p>\n<p>La Commune de Cortaillod est responsable de l&rsquo;administration du SIAr et la Ville du Locle g\u00e8re les <a title=\"Adh\u00e9sion\" href=\"https:\/\/www.siar.ch\/?page_id=11\">nouvelles adh\u00e9sions<\/a> \u00e0 la Convention (voir <a href=\"https:\/\/www.siar.ch\/?page_id=34\">contacts<\/a>).<\/p>\n<p>Les <a href=\"https:\/\/www.siar.ch\/?page_id=719\" target=\"_blank\" rel=\"noopener noreferrer\">travaux d&rsquo;archivage fournis<\/a> aux communes membres recoupent tout le cycle de vie de l&rsquo;information. Ils sont assur\u00e9s par mandat de prestations par la soci\u00e9t\u00e9 <a href=\"http:\/\/www.docuteam.ch\/fr\/\" target=\"_blank\" rel=\"noopener noreferrer\">docuteam<\/a>, entreprise qui offre des prestations de gestion de l&rsquo;information, gestion d&rsquo;archives et d&rsquo;informatique appliqu\u00e9e \u00e0 l&rsquo;archivage \u00e0 de nombreuses communes en Suisse (voir <a href=\"https:\/\/www.siar.ch\/?page_id=889\">rapports d&rsquo;activit\u00e9<\/a>).<\/p>\n<p>L&rsquo;\u00e9quipe du SIAr travaille en suivant les <a href=\"https:\/\/www.siar.ch\/?page_id=171\">normes et bonnes pratiques<\/a> archivistiques suisses et internationales pour l&rsquo;archivage et respecte la <a href=\"https:\/\/www.siar.ch\/?page_id=40\">l\u00e9gislation<\/a> en vigueur.<\/p>\n\n<div class=\"wp-block-image\">\n<figure class=\"aligncenter\"><a href=\"https:\/\/commons.wikimedia.org\/wiki\/File:Archivage_SIAr-852_2020_Boite-Intervention-Archivage.jpg\"><img decoding=\"async\" src=\"https:\/\/upload.wikimedia.org\/wikipedia\/commons\/thumb\/f\/f3\/Archivage_SIAr-852_2020_Boite-Intervention-Archivage.jpg\/256px-Archivage_SIAr-852_2020_Boite-Intervention-Archivage.jpg\" alt=\"Archivage SIAr-852 2020 Boite-Intervention-Archivage\"\/><\/a><figcaption class=\"wp-element-caption\">Bo\u00eete d&rsquo;intervention dans les d\u00e9p\u00f4ts d&rsquo;archives communales avec tout le mat\u00e9riel n\u00e9cessaire pour faire du traitement (y compris un panneau \u00e0 mettre sur la porte pour annoncer qu&rsquo;il y a du monde dans le d\u00e9p\u00f4t !).<\/figcaption><\/figure>\n<\/div>\n\n\n<p>En savoir plus :<\/p>\n\n\n\n<ul class=\"wp-block-list\">\n<li>Baptiste de Coulon, <a href=\"https:\/\/arbido.ch\/fr\/edition-article\/2016\/de%CC%81localise%CC%81-achete%CC%81-externalise%CC%81\/le-siar-un-ovni-dans-le-paysage-archivistique-suisse\" target=\"_blank\" rel=\"noreferrer noopener\">\u00ab Le SIAr: un ovni dans le paysage archivistique suisse \u00bb<\/a>, dans <em>arbido<\/em> 2016\/2.<\/li>\n<\/ul>\n","protected":false},"excerpt":{"rendered":"<p>Le Service intercommunal d\u2019archivage (SIAr) a \u00e9t\u00e9 cr\u00e9\u00e9 le 1er janvier 2012 dans le Canton de Neuch\u00e2tel et fait suite au poste d&rsquo;archiviste intercommunal ouvert le 1er janvier 2009 (voir revue de presse). Il a pour but de professionnaliser la gestion de l&rsquo;information et des archives dans les communes, de mutualiser les ressources et de [&hellip;]<\/p>\n","protected":false},"author":2,"featured_media":0,"parent":0,"menu_order":0,"comment_status":"closed","ping_status":"closed","template":"","meta":{"footnotes":""},"class_list":["post-5","page","type-page","status-publish","hentry"],"jetpack_sharing_enabled":true,"jetpack_shortlink":"https:\/\/wp.me\/PfBqfE-5","_links":{"self":[{"href":"https:\/\/www.siar.ch\/index.php?rest_route=\/wp\/v2\/pages\/5","targetHints":{"allow":["GET"]}}],"collection":[{"href":"https:\/\/www.siar.ch\/index.php?rest_route=\/wp\/v2\/pages"}],"about":[{"href":"https:\/\/www.siar.ch\/index.php?rest_route=\/wp\/v2\/types\/page"}],"author":[{"embeddable":true,"href":"https:\/\/www.siar.ch\/index.php?rest_route=\/wp\/v2\/users\/2"}],"replies":[{"embeddable":true,"href":"https:\/\/www.siar.ch\/index.php?rest_route=%2Fwp%2Fv2%2Fcomments&post=5"}],"version-history":[{"count":36,"href":"https:\/\/www.siar.ch\/index.php?rest_route=\/wp\/v2\/pages\/5\/revisions"}],"predecessor-version":[{"id":1395,"href":"https:\/\/www.siar.ch\/index.php?rest_route=\/wp\/v2\/pages\/5\/revisions\/1395"}],"wp:attachment":[{"href":"https:\/\/www.siar.ch\/index.php?rest_route=%2Fwp%2Fv2%2Fmedia&parent=5"}],"curies":[{"name":"wp","href":"https:\/\/api.w.org\/{rel}","templated":true}]}}

<p>Le Service intercommunal d’archivage (SIAr) a été créé le 1er janvier 2012 dans le Canton de Neuchâtel et fait suite au poste d&rsquo;archiviste intercommunal ouvert le 1er janvier 2009 (voir <a href="?cat=22">revue de presse</a>).</p>
<p>Il a pour but de professionnaliser la gestion de l&rsquo;information et des archives dans les communes, de mutualiser les ressources et de répondre à la <a title="Législations" href="https://www.siar.ch/?page_id=40">législation</a> et aux <a href="https://www.siar.ch/?page_id=171">normes archivistiques</a> en vigueur. Pour ce faire, il réunit, dans le Canton de Neuchâtel, une <a title="Equipe" href="https://www.siar.ch/?page_id=160">équipe d’archivistes professionnel·le·s</a> qui prend en charge les activités d&rsquo;archivage des communes <a title="Membres" href="https://www.siar.ch/?page_id=20">membres</a> de la <a title="Convention" href="https://www.siar.ch/?page_id=8">Convention</a>.</p>
<p>La Commune de Cortaillod est responsable de l&rsquo;administration du SIAr et la Ville du Locle gère les <a title="Adhésion" href="https://www.siar.ch/?page_id=11">nouvelles adhésions</a> à la Convention (voir <a href="https://www.siar.ch/?page_id=34">contacts</a>).</p>
<p>Les <a href="https://www.siar.ch/?page_id=719" target="_blank" rel="noopener noreferrer">travaux d&rsquo;archivage fournis</a> aux communes membres recoupent tout le cycle de vie de l&rsquo;information. Ils sont assurés par mandat de prestations par la société <a href="http://www.docuteam.ch/fr/" target="_blank" rel="noopener noreferrer">docuteam</a>, entreprise qui offre des prestations de gestion de l&rsquo;information, gestion d&rsquo;archives et d&rsquo;informatique appliquée à l&rsquo;archivage à de nombreuses communes en Suisse (voir <a href="https://www.siar.ch/?page_id=889">rapports d&rsquo;activité</a>).</p>
<p>L&rsquo;équipe du SIAr travaille en suivant les <a href="https://www.siar.ch/?page_id=171">normes et bonnes pratiques</a> archivistiques suisses et internationales pour l&rsquo;archivage et respecte la <a href="https://www.siar.ch/?page_id=40">législation</a> en vigueur.</p>

<div class="wp-block-image">
<figure class="aligncenter"><a href="https://commons.wikimedia.org/wiki/File:Archivage_SIAr-852_2020_Boite-Intervention-Archivage.jpg"><img decoding="async" src="https://upload.wikimedia.org/wikipedia/commons/thumb/f/f3/Archivage_SIAr-852_2020_Boite-Intervention-Archivage.jpg/256px-Archivage_SIAr-852_2020_Boite-Intervention-Archivage.jpg" alt="Archivage SIAr-852 2020 Boite-Intervention-Archivage"/></a><figcaption class="wp-element-caption">Boîte d&rsquo;intervention dans les dépôts d&rsquo;archives communales avec tout le matériel nécessaire pour faire du traitement (y compris un panneau à mettre sur la porte pour annoncer qu&rsquo;il y a du monde dans le dépôt !).</figcaption></figure>
</div>


<p>En savoir plus :</p>



<ul class="wp-block-list">
<li>Baptiste de Coulon, <a href="https://arbido.ch/fr/edition-article/2016/de%CC%81localise%CC%81-achete%CC%81-externalise%CC%81/le-siar-un-ovni-dans-le-paysage-archivistique-suisse" target="_blank" rel="noreferrer noopener">« Le SIAr: un ovni dans le paysage archivistique suisse »</a>, dans <em>arbido</em> 2016/2.</li>
</ul>

<p>Le Service intercommunal d’archivage (SIAr) a été créé le 1er janvier 2012 dans le Canton de Neuchâtel et fait suite au poste d&rsquo;archiviste intercommunal ouvert le 1er janvier 2009 (voir revue de presse). Il a pour but de professionnaliser la gestion de l&rsquo;information et des archives dans les communes, de mutualiser les ressources et de [&hellip;]</p>
