{"id":673,"date":"2020-03-03T09:21:14","date_gmt":"2020-03-03T08:21:14","guid":{"rendered":"http:\/\/www.siar.ch\/?page_id=673"},"modified":"2025-08-05T20:04:30","modified_gmt":"2025-08-05T19:04:30","slug":"recherches-de-batiments-sur-territoire-communal","status":"publish","type":"page","link":"https:\/\/www.siar.ch\/?page_id=673","title":{"rendered":"Recherche de b\u00e2timents, monuments et autres sites"},"content":{"rendered":"\n<p>Pour les recherches de b\u00e2timents sis sur territoire communal, il est pr\u00e9f\u00e9rable de consulter en premier lieu la litt\u00e9rature d\u00e9j\u00e0 existante, puis, si vous avez besoin de plus d&rsquo;informations, de faire une recherche dans les archives communales ou dans d&rsquo;autres institutions.<\/p>\n\n\n\n<p>L\u2019Office du patrimoine et de l\u2019arch\u00e9ologie du canton de Neuch\u00e2tel (OPAN), devenu Office cantonal du patrimoine b\u00e2ti et immat\u00e9riel (OCPI), propose aussi des pistes pour documenter l\u2019histoire des b\u00e2timents (<a href=\"https:\/\/www.ne.ch\/autorites\/DESC\/SCNE\/patrimoine\/transformations\/Pages\/histoire-batiment.aspx\" target=\"_blank\" rel=\"noreferrer noopener\">Comment conna\u00eetre l&rsquo;histoire d&rsquo;un \u00e9difice?<\/a>).<\/p>\n\n\n\n<h2 class=\"wp-block-heading\">Publications existantes<\/h2>\n\n\n\n<p>Le livre de Jean Courvoisier consacr\u00e9 aux <strong>monuments d&rsquo;art et d&rsquo;histoire du canton de Neuch\u00e2tel<\/strong> est tr\u00e8s complet avec de nombreuses r\u00e9f\u00e9rences aux documents anciens conserv\u00e9s dans diff\u00e9rentes archives. Nous vous recommandons de commencer par consulter le chapitre consacr\u00e9 au village qui vous int\u00e9resse :<\/p>\n\n\n\n<p>Courvoisier, Jean (1955), <em>Les monuments d&rsquo;art et d&rsquo;histoire du canton de Neuch\u00e2tel<\/em> (3 volumes), B\u00e2le : Birkh\u00e4user. Accessible en ligne dans la <a rel=\"noreferrer noopener\" aria-label=\"biblioth\u00e8que num\u00e9rique RERO DOC (s\u2019ouvre dans un nouvel onglet)\" href=\"http:\/\/doc.rero.ch\/record\/17017\" target=\"_blank\">biblioth\u00e8que num\u00e9rique RERO DOC<\/a>.<\/p>\n\n\n\n<p>La plupart des villages ont fait l&rsquo;objet de <strong>publications largement document\u00e9es et illustr\u00e9es<\/strong>. Dans la mesure du possible, nous essayons de compl\u00e9ter les articles Wikip\u00e9dia des villages avec ces r\u00e9f\u00e9rences bibliographiques.<\/p>\n\n\n\n<p>Voir aussi nos <a href=\"https:\/\/www.siar.ch\/?page_id=1006\" data-type=\"page\" data-id=\"1006\">pistes bibliographiques<\/a>.<\/p>\n\n\n\n<h2 class=\"wp-block-heading\">Archives communales<\/h2>\n\n\n\n<p>Dans les archives communales, outre certaines publications cit\u00e9es ci-dessus, on trouvera g\u00e9n\u00e9ralement des dossiers d&rsquo;<strong>urbanisme<\/strong> et d&rsquo;<strong>am\u00e9nagement du territoire<\/strong> (comprenant des plans du village ou de b\u00e2timents) et des dossiers concernant les <strong>propri\u00e9t\u00e9s communales<\/strong> et les <strong>travaux publics<\/strong> (comprenant parfois des chantiers communaux avec plans et maquettes).<\/p>\n\n\n\n<p>Toutefois, dans plusieurs communes, les dossiers techniques des b\u00e2timents (permis de construction, plans, etc.) n&rsquo;ont pas \u00e9t\u00e9 transmis aux archives et n&rsquo;ont donc pas \u00e9t\u00e9 d\u00e9crits dans les inventaires d&rsquo;archives. Dans ce cas, il convient de contacter directement le service technique de la commune en question pour savoir s&rsquo;il est possible de consulter les documents concernant le b\u00e2timent recherch\u00e9.<\/p>\n\n\n\n<p>Les archives communales conservent \u00e9galement quelques <strong>photographies des villages<\/strong>. Nous essayons de les num\u00e9riser et de les mettre en ligne au fur et \u00e0 mesure de nos travaux.<\/p>\n\n\n\n<p>Les s\u00e9ries de dossiers sont g\u00e9n\u00e9ralement d\u00e9crites dans les inventaires d&rsquo;archives communales : <strong>toutefois le nom des b\u00e2timents n&rsquo;est g\u00e9n\u00e9ralement pas indiqu\u00e9 tel quel ou la graphie peut changer au fil du temps<\/strong>.<\/p>\n\n\n\n<p>Enfin, signalons que les communes conservent les proc\u00e8s-verbaux des  discussions et d\u00e9cisions des autorit\u00e9s qui dressent un large panorama de  la vie communale, mais la recherche dans ces documents prend vite du  temps. <\/p>\n\n\n\n<p> Si vous souhaitez consulter l&rsquo;un ou l&rsquo;autre des dossiers conserv\u00e9s dans les archives communales, nous vous renvoyons aux <a href=\"https:\/\/www.siar.ch\/?page_id=439\">modalit\u00e9s de consultation des archives<\/a> pour faire votre demande.<\/p>\n\n\n\n<h2 class=\"wp-block-heading\">Autres institutions<\/h2>\n\n\n\n<p>D&rsquo;autres institutions conservent des informations li\u00e9es au territoire, en particulier l&rsquo;Office cantonal du patrimoine et de l&rsquo;arch\u00e9ologie (OPAN)\/Office cantonal du patrimoine b\u00e2ti et immat\u00e9riel (OCPI), les Archives de l&rsquo;\u00c9tat de Neuch\u00e2tel (AEN), le g\u00e9oportail cantonal du Syst\u00e8me d&rsquo;information du territoire neuch\u00e2telois (SITN) ou le g\u00e9oportail suisse de l&rsquo;Office f\u00e9d\u00e9ral de topographie (swisstopo).<\/p>\n\n\n\n<p>\u00c0 noter que de nombreuses institutions ont num\u00e9ris\u00e9 des images li\u00e9es au territoire des communes neuch\u00e2teloises et les ont mises en ligne, notamment dans la base de donn\u00e9es collaborative multim\u00e9dia <a rel=\"noreferrer noopener\" href=\"https:\/\/commons.wikimedia.org\/wiki\/Main_Page\" target=\"_blank\">Wikimedia Commons<\/a> ou dans le portail <a rel=\"noreferrer noopener\" href=\"https:\/\/notrehistoire.ch\/\" target=\"_blank\">notrehistoire.ch<\/a>.<\/p>\n\n\n\n<p>Pour les d\u00e9tails, voir la <a rel=\"noreferrer noopener\" href=\"https:\/\/www.siar.ch\/?page_id=60\" target=\"_blank\">page d\u00e9di\u00e9e<\/a>. <\/p>\n","protected":false},"excerpt":{"rendered":"<p>Pour les recherches de b\u00e2timents sis sur territoire communal, il est pr\u00e9f\u00e9rable de consulter en premier lieu la litt\u00e9rature d\u00e9j\u00e0 existante, puis, si vous avez besoin de plus d&rsquo;informations, de faire une recherche dans les archives communales ou dans d&rsquo;autres institutions. L\u2019Office du patrimoine et de l\u2019arch\u00e9ologie du canton de Neuch\u00e2tel (OPAN), devenu Office cantonal [&hellip;]<\/p>\n","protected":false},"author":7,"featured_media":0,"parent":266,"menu_order":0,"comment_status":"closed","ping_status":"closed","template":"","meta":{"footnotes":""},"class_list":["post-673","page","type-page","status-publish","hentry"],"jetpack_sharing_enabled":true,"jetpack_shortlink":"https:\/\/wp.me\/PfBqfE-aR","_links":{"self":[{"href":"https:\/\/www.siar.ch\/index.php?rest_route=\/wp\/v2\/pages\/673","targetHints":{"allow":["GET"]}}],"collection":[{"href":"https:\/\/www.siar.ch\/index.php?rest_route=\/wp\/v2\/pages"}],"about":[{"href":"https:\/\/www.siar.ch\/index.php?rest_route=\/wp\/v2\/types\/page"}],"author":[{"embeddable":true,"href":"https:\/\/www.siar.ch\/index.php?rest_route=\/wp\/v2\/users\/7"}],"replies":[{"embeddable":true,"href":"https:\/\/www.siar.ch\/index.php?rest_route=%2Fwp%2Fv2%2Fcomments&post=673"}],"version-history":[{"count":13,"href":"https:\/\/www.siar.ch\/index.php?rest_route=\/wp\/v2\/pages\/673\/revisions"}],"predecessor-version":[{"id":1403,"href":"https:\/\/www.siar.ch\/index.php?rest_route=\/wp\/v2\/pages\/673\/revisions\/1403"}],"up":[{"embeddable":true,"href":"https:\/\/www.siar.ch\/index.php?rest_route=\/wp\/v2\/pages\/266"}],"wp:attachment":[{"href":"https:\/\/www.siar.ch\/index.php?rest_route=%2Fwp%2Fv2%2Fmedia&parent=673"}],"curies":[{"name":"wp","href":"https:\/\/api.w.org\/{rel}","templated":true}]}}