{"id":719,"date":"2020-03-26T13:54:57","date_gmt":"2020-03-26T12:54:57","guid":{"rendered":"http:\/\/www.siar.ch\/?page_id=719"},"modified":"2021-06-21T13:27:48","modified_gmt":"2021-06-21T12:27:48","slug":"prestations","status":"publish","type":"page","link":"https:\/\/www.siar.ch\/?page_id=719","title":{"rendered":"Prestations"},"content":{"rendered":"\n<p>Le Service intercommunal d&rsquo;archivage fournit d&rsquo;une part des  prestations communes \u00e0 l&rsquo;ensemble des membres de la Convention, d&rsquo;autre  part des prestations sp\u00e9cifiques \u00e0 chaque commune membre en fonction de  ses besoins et des ressources qu&rsquo;elle dispose pour l&rsquo;archivage. <\/p>\n\n\n\n<h2 class=\"wp-block-heading\">T\u00e2ches mutualis\u00e9es<\/h2>\n\n\n\n<p>Les t\u00e2ches mutualis\u00e9es pour l&rsquo;ensemble des communes membres consistent \u00e0&nbsp;:\n<\/p>\n\n\n\n<ul class=\"wp-block-list\"><li>faire de la veille sur l&rsquo;\u00e9volution de l&rsquo;<a href=\"https:\/\/www.siar.ch\/?page_id=40\">environnement l\u00e9gal<\/a> et des <a href=\"https:\/\/www.siar.ch\/?page_id=171\">pratiques archivistiques<\/a>  (notamment dans un contexte de plus en plus \u00e9lectronique) et diffuser  les informations importantes aux <a href=\"https:\/\/www.siar.ch\/?page_id=20\">membres<\/a> de la Convention,<\/li><li>repr\u00e9senter et d\u00e9fendre les int\u00e9r\u00eats des communes membres aupr\u00e8s des institutions partenaires comme les Archives de l&rsquo;\u00c9tat de Neuch\u00e2tel,  les autres services d&rsquo;archives communales, le service informatique des  communes neuch\u00e2teloises, les associations professionnelles (notamment l&rsquo;Association des archivistes suisses),<\/li><li>harmoniser et concevoir des outils et m\u00e9thodes d&rsquo;archivage (plan de  classement, outil d&rsquo;inventaire, r\u00e8glements) r\u00e9utilisables dans les  autres communes, moyennant quelques adaptations,<\/li><li>assurer la pr\u00e9servation et la valorisation des patrimoines archivistiques des communes membres de la Convention.<\/li><\/ul>\n\n\n\n<h2 class=\"wp-block-heading\">Travaux d&rsquo;archivage sp\u00e9cifiques \u00e0 chaque commune<\/h2>\n\n\n\n<p>Pour les travaux d&rsquo;archivage sp\u00e9cifiques \u00e0 chaque commune, ceux-ci sont men\u00e9s par les <a href=\"https:\/\/www.siar.ch\/?page_id=160\">archivistes en fonction des comp\u00e9tences n\u00e9cessaires<\/a> et portent essentiellement sur les activit\u00e9s de soutien \u00e0 la gestion documentaire, d&rsquo;archivage interm\u00e9diaire et d\u00e9finitif et de mise en valeur des archives. Ces activit\u00e9s de soutien s&rsquo;entendent aussi bien pour les documents et  archives sous format papier qu&rsquo;\u00e9lectronique. <\/p>\n\n\n\n<h3 class=\"wp-block-heading\">1. Conseil et suivi en gestion documentaire<\/h3>\n\n\n\n<p>D\u00e8s la production de documents, le SIAr offre les prestations suivantes en  soutien aux autorit\u00e9s et au personnel communal  :<\/p>\n\n\n\n<ul class=\"wp-block-list\"><li> Conception et adaptation de directives et proc\u00e9dures en gestion documentaire, <\/li><li>Conception et adaptation du plan d&rsquo;archivage (plan de classement et r\u00e8gles de conservation),<\/li><li>Accompagnement dans le choix et le param\u00e9trage d&rsquo;un logiciel  de gestion \u00e9lectronique des documents (GED),<\/li><li>Formation du personnel communal et r\u00e9ponses aux questions.<\/li><\/ul>\n\n\n\n<p><a href=\"https:\/\/www.docuteam.ch\/fr\/conseils-en-gestion-documentaire\/\" target=\"_blank\" rel=\"noreferrer noopener\">Plus d&rsquo;informations sur la d\u00e9marche par docuteam<\/a><\/p>\n\n\n\n<h3 class=\"wp-block-heading\">2. <strong>Archivage interm\u00e9diaire et d\u00e9finitif (papier et \u00e9lectronique)<\/strong><\/h3>\n\n\n\n<p>L&rsquo;archivage proprement dit consiste \u00e0 faire de l&rsquo;\u00e9valuation et du traitement des dossiers clos en soutien aux services administratifs et au personnel communal. Concr\u00e8tement, cela consiste \u00e0 faire du tri (donc des \u00e9liminations) tout en conservant une trace de ces choix, \u00e0 transf\u00e9rer les dossiers dans les d\u00e9p\u00f4ts ad-hoc, \u00e0 faire des versements document\u00e9s aux archives communales, \u00e0 d\u00e9crire les archives dans un inventaire selon les normes archivistiques et les reconditionner dans du mat\u00e9riel ad\u00e9quat.<br><a href=\"https:\/\/www.docuteam.ch\/fr\/gestion-et-traitement-darchives\/\" target=\"_blank\" rel=\"noreferrer noopener\">Plus d&rsquo;informations sur la d\u00e9marche par docuteam<\/a> <\/p>\n\n\n\n<div class=\"wp-block-image\"><figure class=\"aligncenter\"><a href=\"https:\/\/commons.wikimedia.org\/wiki\/File:SIAr_830-2019_008.jpg\"><img decoding=\"async\" src=\"https:\/\/upload.wikimedia.org\/wikipedia\/commons\/thumb\/8\/80\/SIAr_830-2019_008.jpg\/512px-SIAr_830-2019_008.jpg\" alt=\"SIAr 830-2019 008\"\/><\/a><figcaption>Archives en cours de traitement.<\/figcaption><\/figure><\/div>\n\n\n\n<p>Le SIAr ne propose aucune solution de conservation des archives papier. Les archives et documents restent dans les d\u00e9p\u00f4ts des membres de la Convention.<\/p>\n\n\n\n<p>En attendant que les Archives de l&rsquo;\u00c9tat de Neuch\u00e2tel mettent \u00e0 disposition une solution pour l&rsquo;archivage \u00e9lectronique, le SIAr a d\u00e9cid\u00e9 d&rsquo;utiliser la plateforme <a href=\"https:\/\/www.docuteam.ch\/fr\/archivage-electronique-a-long-terme\/\" target=\"_blank\" rel=\"noreferrer noopener\">docuteam cosmos<\/a> pour permettre la pr\u00e9servation des donn\u00e9es num\u00e9riques et des documents num\u00e9ris\u00e9s des communes membres. On trouvera ces objets num\u00e9riques directement dans l&rsquo;<a href=\"https:\/\/webgate.docuteam.cloud\/fr\/login\" target=\"_blank\" rel=\"noreferrer noopener\">inventaire publi\u00e9 des archives<\/a> de chaque commune.<\/p>\n\n\n\n<figure class=\"wp-block-image size-large\"><img decoding=\"async\" src=\"https:\/\/upload.wikimedia.org\/wikipedia\/commons\/e\/ec\/Archivage_SIAr-831_2020_Archivage_%C3%A9lectronique_photos_num%C3%A9riques_%28docuteam_cosmos%29.png\" alt=\"\"\/><figcaption>Photographies n\u00e9es num\u00e9riques conserv\u00e9es dans docuteam cosmos pour leur pr\u00e9servation et accessibles depuis l\u2019inventaire d\u2019archives en ligne docuteam webgate<\/figcaption><\/figure>\n\n\n\n<h3 class=\"wp-block-heading\">3. Diffusion des archives et des connaissances<\/h3>\n\n\n\n<p class=\"has-text-align-left\">Le SIAr utilise la plateforme <a href=\"https:\/\/webgate.docuteam.cloud\/fr\/login\" target=\"_blank\" rel=\"noreferrer noopener\">docuteam webgate<\/a> pour publier en ligne les inventaires d\u2019archives et certains documents num\u00e9riques. Un acc\u00e8s public permet \u00e0 tout en chacun de faire des recherches dans les <a href=\"https:\/\/www.siar.ch\/?page_id=429\">inventaires publi\u00e9s<\/a> et les communes membres disposent d&rsquo;un acc\u00e8s s\u00e9curis\u00e9 pour retrouver des donn\u00e9es non publiques.<\/p>\n\n\n\n<p>En fonction des priorit\u00e9s de chaque commune, le SIAr aide \u00e0 valoriser l\u2019information qui vaut la peine d\u2019\u00eatre diffus\u00e9e, quelle qu\u2019en soit la forme (photographies anciennes, \u00e9tats nominatifs de la population, plans, etc.). Il donne des conseils et soutient les actions de valorisation de la part de la commune et de particuliers.<\/p>\n\n\n\n<p><mark>L&rsquo;\u00e9quipe du SIAr soutient le partage libre des connaissances et \u00e0 ce titre s&rsquo;implique activement dans les projets de la Wikimedia Foundation (en particulier l&rsquo;encyclop\u00e9die collaborative <a rel=\"noreferrer noopener\" href=\"https:\/\/fr.wikipedia.org\/wiki\/Service_intercommunal_d%E2%80%99archivage_(canton_de_Neuch%C3%A2tel)\" target=\"_blank\">Wikip\u00e9dia<\/a>, la m\u00e9diath\u00e8que <a rel=\"noreferrer noopener\" href=\"https:\/\/commons.wikimedia.org\/wiki\/Category:Media_published_by_Service_intercommunal_d'archivage_Neuch%C3%A2tel\" target=\"_blank\">Wikimedia Commons<\/a> et la base de donn\u00e9es <a rel=\"noreferrer noopener\" href=\"https:\/\/www.wikidata.org\/wiki\/Q62112752\" target=\"_blank\">Wikidata<\/a>) pour que les informations provenant des archives soient pleinement utilisables par tout le monde (lire <a rel=\"noreferrer noopener\" href=\"https:\/\/www.siar.ch\/?p=580\" target=\"_blank\">l&rsquo;annonce dans les actualit\u00e9s de 2019<\/a>). <\/mark><\/p>\n","protected":false},"excerpt":{"rendered":"<p>Le Service intercommunal d&rsquo;archivage fournit d&rsquo;une part des prestations communes \u00e0 l&rsquo;ensemble des membres de la Convention, d&rsquo;autre part des prestations sp\u00e9cifiques \u00e0 chaque commune membre en fonction de ses besoins et des ressources qu&rsquo;elle dispose pour l&rsquo;archivage. T\u00e2ches mutualis\u00e9es Les t\u00e2ches mutualis\u00e9es pour l&rsquo;ensemble des communes membres consistent \u00e0&nbsp;: faire de la veille sur [&hellip;]<\/p>\n","protected":false},"author":7,"featured_media":0,"parent":5,"menu_order":0,"comment_status":"closed","ping_status":"closed","template":"","meta":{"footnotes":""},"class_list":["post-719","page","type-page","status-publish","hentry"],"jetpack_sharing_enabled":true,"jetpack_shortlink":"https:\/\/wp.me\/PfBqfE-bB","_links":{"self":[{"href":"https:\/\/www.siar.ch\/index.php?rest_route=\/wp\/v2\/pages\/719","targetHints":{"allow":["GET"]}}],"collection":[{"href":"https:\/\/www.siar.ch\/index.php?rest_route=\/wp\/v2\/pages"}],"about":[{"href":"https:\/\/www.siar.ch\/index.php?rest_route=\/wp\/v2\/types\/page"}],"author":[{"embeddable":true,"href":"https:\/\/www.siar.ch\/index.php?rest_route=\/wp\/v2\/users\/7"}],"replies":[{"embeddable":true,"href":"https:\/\/www.siar.ch\/index.php?rest_route=%2Fwp%2Fv2%2Fcomments&post=719"}],"version-history":[{"count":15,"href":"https:\/\/www.siar.ch\/index.php?rest_route=\/wp\/v2\/pages\/719\/revisions"}],"predecessor-version":[{"id":934,"href":"https:\/\/www.siar.ch\/index.php?rest_route=\/wp\/v2\/pages\/719\/revisions\/934"}],"up":[{"embeddable":true,"href":"https:\/\/www.siar.ch\/index.php?rest_route=\/wp\/v2\/pages\/5"}],"wp:attachment":[{"href":"https:\/\/www.siar.ch\/index.php?rest_route=%2Fwp%2Fv2%2Fmedia&parent=719"}],"curies":[{"name":"wp","href":"https:\/\/api.w.org\/{rel}","templated":true}]}}